t x(u) = 441*u + 29552. Calculate x(-67).
5
Let d(b) = -1530392*b + 12243145. Determine d(8).
9
Let n(k) = k**2 - 192*k + 7576. Determine n(104).
-1576
Let l(k) = 1090*k + 5694. What is l(-5)?
244
Let q(b) = -b**2 - 126*b + 6862. What is q(41)?
15
Let o(m) = 1811*m + 8915. What is o(-5)?
-140
Let t(l) = -2*l**3 + 210*l**2 + 839*l - 20617. Give t(108).
11
Let l(v) = 3031*v + 51527. Determine l(-17).
0
Let c(r) = 4*r**2 - 6247*r + 697325. What is c(121)?
2
Let j(p) = -p**3 - 16*p**2 + 32*p - 36. Give j(-14).
-876
Let q(v) = -11*v**2 - 551*v + 2978. Determine q(-55).
8
Let v(f) = 45*f**2 - 6669*f + 908. Calculate v(148).
-424
Let d(i) = 1239*i**2 - 14749*i - 1411. Give d(12).
17
Let r(d) = d**3 - 18*d**2 + 143*d + 1294. Determine r(-5).
4
Let z(m) = -8*m**3 + 70*m**2 + 43*m + 88. What is z(9)?
313
Let d(p) = -5158*p - 87680. What is d(-17)?
6
Let b(m) = 9*m**2 - 8050*m + 16060. Calculate b(2).
-4
Let c(t) = -691*t**2 + 88454*t - 7. What is c(128)?
761
Let c(p) = -p**2 - 140*p - 2202. Calculate c(-25).
673
Let n(q) = 8311*q + 58144. Calculate n(-7).
-33
Let l(q) = -385*q - 2588. Calculate l(-8).
492
Let g(q) = -298920*q + 4483824. Calculate g(15).
24
Let o(m) = m**3 + 123*m**2 + 734*m + 16983. Calculate o(-118).
-9
Let y(z) = 3*z**2 - 5484*z + 610104. Give y(119).
-9
Let t(o) = -173*o**2 - 487*o + 486. What is t(1)?
-174
Let z(l) = 2*l**3 + 99*l**2 - 12442*l - 595822. Calculate z(-47).
-3
Let r(t) = 2*t**2 - 9*t - 2018. Determine r(-33).
457
Let t(f) = 21923*f + 1096179. Calculate t(-50).
29
Let l(d) = -5*d**2 + 65*d + 829. What is l(-21)?
-2741
Let k(i) = -392*i + 7688. What is k(24)?
-1720
Let d(w) = -153092*w - 1837095. What is d(-12)?
9
Let q(r) = r**3 + 400*r**2 + 1157*r - 89. What is q(-3)?
13
Let d(j) = -44617*j - 1472345. What is d(-33)?
16
Let c(x) = -2*x**2 + 239*x - 5792. Calculate c(35).
123
Let h(a) = a**2 + 1476*a + 238862. What is h(-185)?
27
Let u(i) = 223*i - 603. Determine u(4).
289
Let g(t) = 180*t + 27898. Calculate g(-155).
-2
Let h(s) = -s**3 + 42*s**2 - 282*s + 459. Give h(35).
-836
Let v(w) = 1695*w - 40472. What is v(24)?
208
Let b(v) = v**2 - 183*v - 17242. Calculate b(-67).
-492
Let t(n) = n**2 + 1710*n + 648082. Give t(-567).
1
Let o(i) = i**3 - 52*i**2 + 184*i + 387. Calculate o(48).
3
Let r(p) = 58721*p + 352327. Calculate r(-6).
1
Let w(u) = -1115*u - 93604. What is w(-84)?
56
Let y(c) = 303*c**2 + 19366*c - 1669. Give y(-64).
-5
Let f(o) = -o**3 + 71*o**2 - 847*o - 123. Give f(56).
-515
Let p(j) = -j**2 + 211*j - 13014. Calculate p(86).
-2264
Let q(f) = f**2 + 471*f + 13227. Give q(-26).
1657
Let d(o) = 2*o**3 + 17*o**2 + 70*o - 1. Give d(-5).
-176
Let v(a) = -71685*a + 9. Give v(0).
9
Let m(a) = a**3 - 8*a**2 + 4113*a - 49931. Give m(12).
1
Let v(a) = 4*a**3 + 567*a**2 + 51*a + 27453. Calculate v(-142).
47
Let y(c) = 7732*c + 48320. Give y(-6).
1928
Let b(u) = 677*u - 9128. Determine b(8).
-3712
Let r(p) = 294*p - 14888. Give r(50).
-188
Let v(m) = -1215*m + 51943. Give v(43).
-302
Let h(i) = -i**3 + i**2 - 139*i - 3137. What is h(-13)?
1036
Let d(i) = 10*i**3 - 352*i**2 + 281*i - 7371. What is d(35)?
14
Let q(z) = -91728*z - 458552. What is q(-5)?
88
Let b(f) = -14*f**3 - 56*f**2 + 891*f + 3541. Give b(-4).
-23
Let l(s) = 2048*s - 61942. Calculate l(29).
-2550
Let w(a) = -49*a**2 - 66249*a - 1351. Give w(-1352).
1
Let h(l) = -179*l**3 + 530*l**2 + 17*l + 11. Give h(3).
-1
Let d(u) = -47*u**2 - 1229*u + 7058. Calculate d(-31).
-10
Let x(t) = 37*t + 5345. Determine x(-138).
239
Let j(o) = -4*o**2 - 4470*o + 199634. Determine j(43).
28
Let j(i) = 78*i + 3713. What is j(-62)?
-1123
Let a(f) = 14*f**2 - 3251*f + 72543. Determine a(25).
18
Let h(d) = 12*d**3 + 2*d**2 + 11150*d + 11158. What is h(-1)?
-2
Let r(v) = v**2 - 4042*v + 234988. Give r(59).
-9
Let o(t) = -428*t**2 + 134395*t - 938. Calculate o(314).
4
Let a(n) = 58232*n - 989933. Give a(17).
11
Let h(j) = 163*j - 3733. What is h(23)?
16
Let n(c) = 45*c**2 - 196*c - 583. Determine n(-2).
-11
Let s(l) = -l**3 + 45*l**2 - 72*l - 2210. Calculate s(42).
58
Let k(q) = -14*q**2 - 5497*q - 14443. Determine k(-390).
-13
Let y(s) = -349*s**2 - 5922*s + 306. Give y(-17).
119
Let t(x) = 2*x**3 + 2682*x**2 + 26613*x - 9313. Calculate t(-1331).
4
Let d(v) = -v**2 + 12*v + 2524. Give d(-45).
-41
Let o(q) = 56477*q + 1581399. Determine o(-28).
43
Let f(r) = -r**3 - 153*r**2 - 4998*r + 363. Determine f(-106).
2059
Let c(u) = 2*u + 335. Give c(-270).
-205
Let o(w) = -6*w**2 + 128*w + 365. Determine o(23).
135
Let p(a) = -48*a + 1221. What is p(23)?
117
Let z(m) = 1492*m + 18362. Calculate z(-12).
458
Let d(t) = t**2 - 370*t + 12160. Calculate d(36).
136
Let r(v) = 5561*v + 139002. Determine r(-25).
-23
Let u(o) = -47*o**2 + 1652*o - 190. What is u(35)?
55
Let n(z) = -8475*z + 50780. What is n(6)?
-70
Let v(f) = -24*f**2 + 252*f - 1066. Determine v(5).
-406
Let s(o) = -3602*o - 306086. Determine s(-85).
84
Let q(k) = 543*k - 28749. What is q(53)?
30
Let f(g) = -g**2 + 56573*g + 1981294. What is f(-35)?
14
Let q(w) = 253*w + 10914. What is q(-43)?
35
Let j(a) = -11168*a + 1563546. Give j(140).
26
Let w(f) = -f**3 - 38*f**2 - 20*f - 1. Calculate w(-2).
-105
Let k(p) = 127422*p - 637105. Calculate k(5).
5
Let a(q) = -291*q**2 + 1735*q + 11754. What is a(10)?
4
Let x(i) = 2*i**3 - 651*i**2 - 735*i + 133367. Determine x(326).
33
Let o(v) = v**3 - 111*v**2 - 3006*v + 257241. Calculate o(118).
1
Let b(r) = -r**2 - 1945*r + 673518. Give b(300).
18
Let n(g) = -3033*g + 4610153. Give n(1520).
-7
Let p(s) = 234*s**2 - 11001*s + 76. Determine p(47).
-65
Let u(d) = 8*d**2 + 5944*d + 41523. Calculate u(-7).
307
Let n(d) = 4*d**3 + 61*d**2 + 5*d - 116. Determine n(-15).
34
Let g(d) = 6*d**3 + 52*d**2 + 241*d + 158. What is g(-5)?
-497
Let g(c) = -8*c**2 - 1251*c + 1719713. What is g(392)?
9
Let t(s) = 109*s**2 + 7*s - 65. What is t(3)?
937
Let b(p) = -4*p**2 + 162*p + 574. What is b(42)?
322
Let f(c) = -c**3 + 142*c**2 - 4016*c - 1305. Determine f(103).
-1202
Let z(r) = 6*r**2 - 1588*r - 13095. Determine z(-8).
-7
Let y(o) = -o**2 - 173*o + 2388. Give y(13).
-30
Let u(c) = -8*c**2 - 917*c - 318. Calculate u(-114).
252
Let g(r) = 13*r**2 + 4340*r + 3678. Determine g(-333).
15
Let x(m) = 11474*m - 198. Give x(0).
-198
Let q(c) = c**3 - 2120*c**2 + 4237*c - 10. Give q(2).
-8
Let l(o) = -o**3 + 50*o**2 - 594*o + 40. Calculate l(18).
-284
Let s(o) = -194*o + 14746. Calculate s(77).
-192
Let k(f) = 86*f + 5430. Give k(-63).
12
Let y(f) = 2788*f + 34438. What is y(-13)?
-1806
Let t(r) = -150*r + 1113. Determine t(21).
-2037
Let d(g) = -4*g**2 - 313*g + 20122. Determine d(44).
-1394
Let h(b) = -6*b**2 + 85*b - 182. What is h(10)?
68
Let t(g) = 268*g**3 + 29*g**2 - 102*g + 101. Determine t(2).
2157
Let t(v) = 17671*v - 1431359. Give t(81).
-8
Let a(f) = -32796*f - 327956. Calculate a(-10).
4
Let u(v) = -15*v**3 - 68*v**2 - 1347*v + 1417. Calculate u(1).
-13
Let r(h) = -h**3 + 372*h**2 - 9665*h + 11345. Calculate r(344).
-7
Let j(b) = 3*b**3 - 771*b**2 + 392*b - 100738. Calculate j(257).
6
Let w(k) = -7986*k - 575008. Determine w(-72).
-16
Let x(n) = 138*n + 1986. Determine x(-7).
1020
Let w(b) = -13941*b - 683111. Calculate w(-49).
-2
Let m(h) = -2641*h - 40251. Give m(-15).
-636
Let j(c) = c**3 + 41*c**2 - 24*c - 3347. Calculate j(-40).
-787
Let m(c) = 3*c**3 + 988*c**2 - 1745*c - 29771. Determine m(-331).
19
Let m(r) = -955*r - 552013. What is m(-578)?
-23
Let x(f) = 9796*f + 1106948. Determine x(-113).
0
Let j(q) = 108*q - 2034. Give j(21).
234
Let d(n) = -n**2 + 11033*n + 143603. Calculate d(-13).
5
Let f(t) = -22190*t**2 - 177523*t - 17. Give f(-8).
7
Let q(g) = 123*g**2 + 1234*g - 137. Determine q(-10).
-177
Let h(z) = z**3 - 62*z**2 - 1430*z + 90946. Determine h(61).
-5
Let t(q) = -50*q**2 + 83*q - 65. Determine t(2).
-99
Let t(y) = -11069*y + 653046. What is t(59)?
-25
Let s(u) = 1214*u**2 - 4236*u - 4237. Give s(-1).
1213
Let h(j) = 2*j**2 + 143*j + 2020. Calculate h(-38).
-526
Let j(g) = 4*g**2 + 8618*g + 1342194. Determine j(-169).
-4
Let r(a) = a**2 + 5712*a + 34205. Give r(-6).
-31
Let g(q) = 5*q**3 + 17*q**2 - 21*q - 67. Determine g(-4).
-31
Let s(g) = g**3 + 27*g**2 - 177*g - 5277. What is s(-25)?
398
Let i(x) = 20*x**3 + 11*x**2 + 11*x - 63. What is i(3)?
609
Let u(q) = 57317*q + 68